{"id":105,"date":"2024-04-11T14:36:34","date_gmt":"2024-04-11T14:36:34","guid":{"rendered":"https:\/\/guineo.es\/?page_id=105"},"modified":"2024-04-11T14:36:34","modified_gmt":"2024-04-11T14:36:34","slug":"los-arboles-desnudos-junto-al-manzanares","status":"publish","type":"page","link":"https:\/\/guineo.es\/index.php\/los-arboles-desnudos-junto-al-manzanares\/","title":{"rendered":"Los arboles desnudos junto al Manzanares"},"content":{"rendered":"<h2>Los arboles desnudos junto al Manzanares<\/h2>\n<p>Los arboles desnudos junto al Manzanares, las urracas brincando de rama en rama. Tras Los Lavaderos, La Casa de Campo. La estaci\u00f3n Norte humeante, c\u00e1lida, oscura, pero entra\u00f1able. Camino la Florida, paseo de San Antonio, donde van los amantes. Dos ermitas similares<i>,\u00a0<\/i>\u00a0una de ellas\u00a0decorada con murales\u00a0obra de Francisco de Goya , \u00a0pante\u00f3n\u00a0del artista.<\/p>\n<p>Como si el destino quisiera jugar una buena pasada, por los campos del moro camino al cuartel de la monta\u00f1a andaban entre los pinares, olmos y chopos, perdidos pero hallados.<\/p>\n<p>En\u00a0el \u00a0siglo XVIII,\u00a0Mar\u00eda Antonia Vallejo Fern\u00e1ndez, la Caramba, le hac\u00eda una tonadilla a la de\u00a0 Benavente y la de Alba, en la que se mofaba de ellas,\u00a0como astutas seductoras en los c\u00edrculos madrile\u00f1os de nobles y toreros.\u00a0El propio Goya, el m\u00e1s rotundo cronista pl\u00e1stico de la \u00e9poca, no dud\u00f3 en pintar el tocado de la tonadillera motrile\u00f1a, en la cabeza de sus majas.\u00a0 Gaspar Melchor de Jovellanos reproch\u00f3,\u00a0 la emulaci\u00f3n por las damas de la Corte, de las majas de \u00abtrueno y rascamo\u00f1o\u00bb.<\/p>\n<p>Finalizaba el siglo y comenzaba el nuevo XIX. Benito vagaba,<\/p>\n<p><em>\u00abEntr\u00e9 en la Universidad, donde me distingu\u00ed por los frecuentes novillos que hac\u00eda, como he referido en otro lugar. Escap\u00e1ndome de las c\u00e1tedras, ganduleaba por las calles, plazas y callejuelas, gozando en observar la vida bulliciosa de esta ingente y abigarrada capital. Mi vocaci\u00f3n literaria se iniciaba con el prurito dram\u00e1tico, y si mis d\u00edas se me iban en \u00abflanear\u00bb por las calles, invert\u00eda parte de las noches en emborronar dramas y comedias. Frecuentaba el Teatro Real y un caf\u00e9 de la Puerta del Sol, donde se reun\u00eda buen golpe de mis paisanos.\u00bb<\/em><\/p>\n<p><em>B. P\u00e9rez Gald\u00f3s, Memorias de un desmemoriado, cap. II.<\/em><\/p>\n<p>Madrid es una ciudad f\u00e1cil, pero a la vez inabarcable. Es una ciudad rica pero a la vez muy simple, es como un gran pueblo. Es lugar de amantes. Finalizaba el XIX y en el siglo XX, volv\u00eda el esp\u00edritu \u00a0ese de querer, de \u00a0dejarse querer, de amores reforzados. Ahora andan abrazados desde Principie P\u00edo hasta el templo Deboh. El Puente del Rey llena sus vallas de candados. De amores que est\u00e1n , de otros que esperan y de los anhelados.<\/p>\n<p>En pleno siglo XXI, sigue vivo en los nuevos amantes el esp\u00edritu de la Florida, Paseo de San Antonio, all\u00e1 junto al Manzanares.<\/p>\n","protected":false},"excerpt":{"rendered":"<p>Los arboles desnudos junto al Manzanares Los arboles desnudos junto al Manzanares, las urracas brincando de rama en rama. Tras Los Lavaderos, La Casa de Campo. La estaci\u00f3n Norte humeante, c\u00e1lida, oscura, pero entra\u00f1able. Camino la Florida, paseo de San Antonio, donde van los amantes. Dos ermitas similares,\u00a0\u00a0una de ellas\u00a0decorada con murales\u00a0obra de Francisco de&#8230;<\/p>\n","protected":false},"author":1,"featured_media":0,"parent":0,"menu_order":0,"comment_status":"closed","ping_status":"closed","template":"","meta":{"footnotes":""},"class_list":["post-105","page","type-page","status-publish","hentry"],"_links":{"self":[{"href":"https:\/\/guineo.es\/index.php\/wp-json\/wp\/v2\/pages\/105","targetHints":{"allow":["GET"]}}],"collection":[{"href":"https:\/\/guineo.es\/index.php\/wp-json\/wp\/v2\/pages"}],"about":[{"href":"https:\/\/guineo.es\/index.php\/wp-json\/wp\/v2\/types\/page"}],"author":[{"embeddable":true,"href":"https:\/\/guineo.es\/index.php\/wp-json\/wp\/v2\/users\/1"}],"replies":[{"embeddable":true,"href":"https:\/\/guineo.es\/index.php\/wp-json\/wp\/v2\/comments?post=105"}],"version-history":[{"count":1,"href":"https:\/\/guineo.es\/index.php\/wp-json\/wp\/v2\/pages\/105\/revisions"}],"predecessor-version":[{"id":106,"href":"https:\/\/guineo.es\/index.php\/wp-json\/wp\/v2\/pages\/105\/revisions\/106"}],"wp:attachment":[{"href":"https:\/\/guineo.es\/index.php\/wp-json\/wp\/v2\/media?parent=105"}],"curies":[{"name":"wp","href":"https:\/\/api.w.org\/{rel}","templated":true}]}}